 -59. Let d = a + 62. What is the tens digit of d?
8
Let v(u) = 11*u**2 + 2*u - 2. Let o be v(3). Let d = -24 + o. What is the tens digit of d?
7
Let f = 2228 - 1195. What is the thousands digit of f?
1
Let j be (-2 - (-10)/6)*(-5 - 52). Let q = 4 + j. What is the units digit of q?
3
What is the units digit of ((-502)/(-5))/((-94)/(-2115))?
9
Let f(c) be the second derivative of c**4/4 - 11*c**3/6 + 2*c**2 - 8*c. Let o be f(10). Suppose o = 3*k + 20. What is the tens digit of k?
5
Let v(r) = -346*r. What is the tens digit of v(-1)?
4
Let n(f) = 21*f + 32. What is the units digit of n(18)?
0
Let z(l) = -2*l + 12. Let y = -14 + 6. What is the units digit of z(y)?
8
Suppose 0 = -12*m + 2*m + 23530. What is the units digit of m?
3
Let v be 1*(4 + 208) - -2. Suppose 5*x - 363 = -0*l + 2*l, v = 3*x - 5*l. What is the tens digit of x?
7
Suppose -54*p = -143465 - 13243. What is the thousands digit of p?
2
Suppose 0 = -l - 0*l - 14. Let a(n) be the second derivative of n**5/20 + 13*n**4/12 - 13*n**3/6 + 19*n**2/2 - 2*n. What is the units digit of a(l)?
5
Let t = 23 + -26. What is the tens digit of t*((-500)/15 - 0)?
0
Let o = 1607 - 1102. What is the hundreds digit of o?
5
Suppose -21*s - 20*s = -30545. What is the units digit of s?
5
Suppose 5 = 5*o, -2*v + o + 6 = 3*o. What is the units digit of ((-200)/(-24) + -5)/(v/12)?
0
Suppose -4*i + 66 - 18 = 0. Let k = -13 + i. What is the units digit of (3*(-24)/9)/k?
8
Let h(t) = t**3 - 6*t**2 + 3*t - 18. Let z be h(6). Suppose -6*x - 58 + 1000 = z. What is the tens digit of x?
5
Let y be (-4)/(((-6)/(-369)*6)/2). Let d = y - -226. What is the units digit of d?
4
Suppose -56 = -j - j + 4*d, 0 = 2*d. Let u = j - 4. Suppose 5*r = t + u, 0 = 4*r - 3*t + 4 - 32. What is the units digit of r?
4
Let k(m) = -m**3 + 22*m**2 + 138*m - 19. What is the units digit of k(27)?
2
Let d(f) = 1102*f**3 + 4*f**2 - 2*f + 1. What is the hundreds digit of d(1)?
1
Let b = 53 + -17. Let h(y) = -y + 12. Let x be h(9). Suppose -x*o - b = -7*o. What is the units digit of o?
9
Let v(p) be the first derivative of p**4/4 - p**3 - 5*p - 1. Suppose -r + 12 = 2*r. What is the units digit of v(r)?
1
Suppose -12*n + 616 = -16*n. Let c = n + 219. Suppose 5*w - c = 2*m + 3*m, -m = 5*w - 41. What is the units digit of w?
9
Let z(b) = 14*b**2 + 34*b - 220. What is the hundreds digit of z(9)?
2
Let x(s) = -s**3 - 5*s**2 + 7*s + 5. Let q be x(-5). Let b = -22 - q. What is the units digit of b?
8
Let h = -2601 + 4105. What is the hundreds digit of h?
5
Let c(w) = w**3 - w**2 - 5*w - 1. Let z be c(5). Suppose z = a - 4*l, -2*a - 4*l + 5*l = -141. What is the units digit of a?
0
Let h = 0 - 1. What is the tens digit of 3/(9/105) - h/1?
3
Let v(g) = -g**3 + 10*g**2 + 13*g - 21. Suppose 8*k = k + 70. What is the hundreds digit of v(k)?
1
Suppose 45*k - 76207 = 41243. What is the units digit of k?
0
Let c be (-4)/24 - (-29)/(-6). Let s be ((-8)/c)/(26/65). Suppose s*n + 5*g - 138 = -5, -2*g + 2 = 0. What is the units digit of n?
2
Suppose -4*x + 2327 = -s, -2*x - 7*s + 3*s = -1168. What is the tens digit of x?
8
Suppose 3*d + 4 = -4*t - 3, -3*d = t - 5. Let y be 105/t + 3/12. Let j = -17 - y. What is the units digit of j?
9
Let u(a) be the second derivative of -a**3/3 + 11*a**2 - 11*a. What is the units digit of u(9)?
4
Let t(v) = 2*v - 11. Let n(c) = c - 6. Let z(s) = 5*n(s) - 3*t(s). What is the units digit of z(-9)?
2
Let h = -1604 - -2163. What is the tens digit of h?
5
Let v = -1276 - -4421. What is the hundreds digit of v?
1
What is the tens digit of 2150/18 - (-100)/(-225)?
1
Suppose -3768 = -2*c - 2*n, 2*c = -n + 4*n + 3778. What is the units digit of c?
6
Let d(h) = 2*h - 41. Let p be d(14). Suppose -56 = 2*j - 6*j. Let a = j - p. What is the units digit of a?
7
Suppose -2*c + 42 = 2. Suppose -c = 10*d - 5*d. Let m(n) = -2*n + 6. What is the tens digit of m(d)?
1
Let w be (1 - 6)*(-2)/2. Suppose -w*l - 44 = -6*l. What is the units digit of l?
4
Let y be (3 - 0)/(6/6). Suppose y*i - 2*c = 206, 8*c - 5*c = -3*i + 186. What is the tens digit of i?
6
Suppose -4*p - p = 10. Let s be (-78)/(-12) - (-1)/p. Let f = s - 5. What is the units digit of f?
1
Let f(p) = -5*p + 49. What is the units digit of f(9)?
4
Let u be (4/2)/((-4)/(-14)). Let l be 4*28 + (12 - 8). Suppose -3*f = -u*f + l. What is the tens digit of f?
2
Let l(p) = p + 2. Let x be l(8). Suppose 4*c = -h + x, 4*c - 4*h - 22 = h. Suppose 2*v + 5*z - 24 = 0, c*v - 3*z - 36 = -4*z. What is the units digit of v?
2
Suppose 2*q - 309 - 428 = -5*z, 0 = 4*q - 5*z - 1459. What is the tens digit of q?
6
What is the tens digit of 6179/5 + 0 - 4/5?
3
Let c(j) = j**2 - j + 8. Let x be c(15). Let m = x + -1658. What is the tens digit of (-2)/17 - m/102?
1
Suppose -3*z - 78 = 111. Let i = z + 124. Suppose -5*m = -4 - i. What is the units digit of m?
3
Let z(a) = 138*a - 147. What is the tens digit of z(10)?
3
Let s = -111 + 108. What is the units digit of (-255)/(-3) + (-8)/(12/s)?
7
Let v = -5 - -5. Let l be (-2 + 7)/(-1*2/(-8)). Suppose u = -3*o + l, 2 = -v*u - 2*u. What is the units digit of o?
7
Let o(b) = -b**3 - 13*b**2 + 3*b - 22. What is the units digit of o(-16)?
8
Suppose 4*n - 870 = 2*z, -11*n - z - 1092 = -16*n. What is the hundreds digit of n?
2
Let h(c) = 2*c + 12. Let y be h(-8). What is the units digit of (-1042)/36*y + 6/27?
6
Suppose -5*u + z + 71 = 406, -2*u + 3*z - 147 = 0. Let a be (-1)/2*1*2. What is the tens digit of u/((-9)/(-3))*a?
2
Let y be 5*((-117)/(-15) - 4 - 3). Suppose 2*u - 106 - 180 = 5*g, u - 156 = -y*g. What is the hundreds digit of u?
1
Suppose -2*y - 9 = -3. What is the units digit of (15/3)/1 + y?
2
Suppose 0 = 3*n - 5*y + 130, -2*n - y - 52 - 13 = 0. What is the tens digit of (-1156)/(-10) + (-14)/n?
1
Let u(s) = s**3 - 8*s**2 - 8*s + 6. Let l be u(7). Let v = l - -155. What is the units digit of v?
6
Suppose 3*v - 16 = -52. What is the hundreds digit of (-2013)/v - (-3)/12?
1
Suppose 50*t + 2201 = 51*t. What is the thousands digit of t?
2
Let u(o) = o + 2. Suppose 0 = 7*d - 3*d + 12. Let x be u(d). What is the units digit of (x/(-3))/((-3)/(-117))?
3
Let n(a) = -a. Let r be n(-4). Suppose f + 0*z = -r*z + 2, 2*z - 2 = -f. Suppose 2*v - 86 = -f*v - p, -4*p + 8 = 0. What is the tens digit of v?
2
Suppose 0 = -a, -n - a + 10 = 4*n. Suppose -n*o - 2*k = -10, 3*o + 4*k - 10 - 4 = 0. Let j(d) = 3*d - 14. What is the units digit of j(o)?
4
Let r = 2878 + -1487. What is the hundreds digit of r?
3
Let i(k) = k**3 + 11*k**2 + 9*k - 5. Let t be i(-9). Suppose -4*y + 316 = t. What is the units digit of y?
0
Let i(y) be the third derivative of y**5/60 - y**4/4 + 3*y**3/2 - 14*y**2. What is the units digit of i(2)?
1
Let w be (24/(-9))/((-5)/(-30)). Let v = -3 - w. What is the units digit of v?
3
Suppose -10*j - 2993 = -14*j + 3*t, t + 3 = 0. What is the units digit of j?
6
Let i(q) = -27*q**3 - 3*q**2 - 26*q + 1. What is the tens digit of i(-4)?
8
Suppose 5*j - j = 404. Let z = 20 + j. What is the units digit of z?
1
Let i(w) = 19 + 4*w - 2*w + w**2 + 53. Let c be i(0). Let t = c - 38. What is the units digit of t?
4
Let n(b) = -b**3 + 5*b**2 + 3*b - 17. Let u be n(5). Let p be (56/35)/(u/5). Let r = p - -11. What is the units digit of r?
7
Let n(q) = 6*q + 5. Let j(s) = 5*s + 6. Let g(d) = -3*j(d) + 2*n(d). Let b be g(-4). Suppose -b*t = -2*t - 22. What is the tens digit of t?
1
Suppose 0 = -2*f + 5*b + 4413 - 1396, -6041 = -4*f + 3*b. What is the thousands digit of f?
1
Let w(m) = -m**3 + 5*m**2 - 8*m - 5. Suppose 0 = 2*v + 3*k + 25, -2*v - 5 = v - 2*k. Let x be w(v). What is the units digit of (2/(-3))/((-10)/x)?
9
Let i = -339 + 485. What is the units digit of i?
6
Suppose 26 = 4*p + 6. Suppose p*x = 267 + 33. What is the tens digit of x?
6
Let a(k) = 3*k**3 - k**2 - 12*k - 5. Let g = -57 + 61. What is the tens digit of a(g)?
2
Let l = 73 - -649. What is the units digit of l?
2
Let q = -45 - -50. Suppose -460 = -q*k + 8*r - 3*r, -r = k - 98. What is the tens digit of k?
9
Let f(g) = 5*g**2 - 10*g - 112. What is the hundreds digit of f(16)?
0
Let n(s) = 19*s**2 - 2*s + 1. Let j be n(1). Let b = j + 5. Let g = b + -22. What is the units digit of g?
1
Let g(r) = 51*r**2 + 28*r - 5. What is the tens digit of g(5)?
1
Let w = -483 + 597. What is the tens digit of w?
1
Supp